Let z(x) = x**3 - 7*x**2 + x - 2. Let a be z(7). Let q(o) = -6*o - o + a*o - o**2 + 2 - o. Determine q(-3).
2
Let a be (-14)/(-4) - 9/18. Let o(f) = -2*f**2 + 8 + f**3 + 5 - 10 + a*f. What is o(3)?
21
Suppose -3*u = -12 + 3. Let l(m) = -5 - 3*m**2 - m**u + 6*m + 0*m**2 - 2*m. Suppose -195*o = -21*o + 696. Determine l(o).
-5
Suppose -k + 2 + 13 = -6*f, 3*f = -2*k. Let g(d) be the third derivative of 2*d**2 - 1/12*d**4 + 0*d + 0*d**3 + 0. Determine g(f).
4
Let p = -9 + 11. Let c(t) = 0*t - 5*t + 3*t + p + 3*t. Determine c(-3).
-1
Let w(g) be the third derivative of -g**8/6720 - g**7/2520 + g**6/240 + g**5/120 - g**4/3 - 41*g**2. Let o(n) be the second derivative of w(n). Calculate o(-2).
-1
Let l(g) = 67*g - 69*g + 8 - 19 - 20. Give l(-17).
3
Let z(v) = -8*v + 5 - 5*v - 3 + 24*v. Give z(-1).
-9
Let n be (12/2 - 14)*1. Let b(u) = -u**2 - 9*u - 5. Give b(n).
3
Let h(a) = -a**2 - 5*a - 11. Let k(v) = -v**3 + 15*v**2 - 25*v - 18. Let q be k(13). Give h(q).
-11
Suppose 3*s - 2*c - 6 = 0, 0 = 4*s - 0*s + 2*c - 22. Let j(v) be the first derivative of -4*v - 4 - 5/2*v**2 + 2/3*v**3. Give j(s).
8
Let a(p) be the third derivative of 6*p**2 + 0*p + 0*p**3 + 3/8*p**4 + 0. Calculate a(-1).
-9
Let j = -26 - -28. Suppose -18 = -u - 4*f, 2*u - 3*f - j + 21 = 0. Let w be 33/22 - (-5)/u. Let q(b) = 4*b. Give q(w).
-4
Let j(z) be the second derivative of z**5/20 - z**4/4 + z**3/6 - z**2 + 249*z. Give j(2).
-4
Let a(w) be the second derivative of w**5/60 + w**4/3 - 2*w**3/3 - 13*w**2 + 22*w. Let l(v) be the first derivative of a(v). Give l(-8).
-4
Let k(f) = 7*f - 3. Let u(r) = -8*r + 2. Let o(t) = -4*k(t) - 3*u(t). What is o(5)?
-14
Let l(m) be the first derivative of m**4/4 - 8*m**3/3 + 8*m - 5. Let t be (-12)/18*(-12)/(4 + -3). Determine l(t).
8
Suppose -15*t + 10*t - 35 = 0. Let x(s) = -s**3 - 7*s**2 - 4*s + 1. Calculate x(t).
29
Let f(i) = -i - 2. Let z be f(1). Let d be (-4 - z) + (1 + 1)/(-2). Let u(b) = 2*b + 2. What is u(d)?
-2
Let k(y) be the second derivative of -y**4/4 + 5*y**3/3 - 13*y**2/2 + 31*y + 2. Let c be k(2). Let v(q) = -q - 10. Calculate v(c).
-5
Let m(a) = -117*a - 4. Let f(r) = -322*r - 11. Let g(s) = 4*f(s) - 11*m(s). Suppose -t - 2 - 2 = 0. What is g(t)?
4
Suppose -4*i - 36 = 4*z, 2*z + 11 = -0*i - i. Let s(a) = -3 + 8 - 8*a**2 - a**3 + 2*a + 4 + a**2 - 8. Determine s(i).
-13
Let d be 3/(-5) - ((-132)/5)/(-6). Let c(m) = -m**2 - 6*m + 2. Let w(s) = -2*s**2 - 12*s + 4. Let o(n) = d*c(n) + 3*w(n). What is o(-7)?
-5
Suppose 0*z - 3*z = -57. Suppose -5*m + 7*g - 3*g + z = 0, -3*m - 5*g + 4 = 0. Let w(p) = 4*p**3 + 2*p + 0*p + p**2 + 1 - 5*p**m. What is w(2)?
1
Let p(l) be the second derivative of -l**4/12 + l**2/2 + 18*l. Give p(1).
0
Let z(i) be the first derivative of -i**3/3 + 3*i**2/2 - 17*i + 12. Let s(j) be the first derivative of z(j). Calculate s(-4).
11
Let b(k) = k**2 + 5*k + 2. Suppose -6 = -l - 12. What is b(l)?
8
Let a = -9 - -4. Let n(g) = 2*g**3 - 3*g**2 - 17*g - 17. Suppose -21*o + 24*o = -39. Let r(p) = p**3 - p**2 - 8*p - 8. Let k(f) = o*r(f) + 6*n(f). Give k(a).
-8
Let m(u) = u + 15. Let a(t) be the second derivative of -7*t**2/2 - 21*t. Let o(p) = 7*a(p) + 3*m(p). Give o(-5).
-19
Suppose -4*x - 5 = 7. Let z be ((-7)/x)/(11/(-33)). Let g(s) = s**2 + 8*s + 8. What is g(z)?
1
Let p(q) = -3*q**2 + 21*q - 20. Let r(k) = k**2 - k + 1. Let d(x) = -p(x) - 4*r(x). Determine d(-18).
-2
Suppose -61*q + 32 = -57*q. Let l(z) = 855 - 867 + 2*z**2 + 10*z - 3*z**2. Calculate l(q).
4
Let l(c) = -5*c**3 + 10*c**2 + 15*c - 5. Let u(s) = 2*s**3 - 3*s**2 - 5*s + 2. Let f(t) = -3*l(t) - 8*u(t). Give f(-5).
-1
Let k(i) = -8*i + 8 + 1 + 2*i**2 - 2. Let n(c) = c**2 - 20*c - 256. Let f be n(29). Give k(f).
17
Let a(i) = 2*i + 0*i + 0*i. Suppose 2*g + 1 = g - z, 2*z = -3*g + 2. Suppose -5*y + 20 = 5*m, y + 4*m = g*y + 23. Calculate a(y).
-2
Let q(d) = d - 699 + 699 + 3*d + 2*d. Calculate q(-1).
-6
Let h(w) = -2*w + 5. Let p(y) = y - 5. Let r = 4 - -4. Let j be p(r). Let u be (j/6)/(4/32). Give h(u).
-3
Suppose -3*r + 30 = 6. Let l(t) be the second derivative of -t**3/6 + t**2 - 522*t - 2. Determine l(r).
-6
Suppose 0 = -3*n + 3, -5*n - 14 = -4*z - 3. Let k(o) = z*o - 8*o + 5*o. Calculate k(-7).
-7
Let m(l) = -l**2 - 7*l + 6. Let t be m(-7). Let c = t - -14. Suppose 4*v - 13 = -o, -o - 4*o = 5*v - c. Let h(y) = -y**3 + 5*y**2 - 4*y + 1. Calculate h(v).
7
Let m(z) be the third derivative of z**5/10 - z**4/12 - z**3/6 - z**2 + 287. Suppose -3*t = -3*w - 6, -2*w + w - 1 = -2*t. Give m(t).
7
Let p = -15 + 18. Let f(t) = 4*t - 2*t**p + 22*t**2 - 23*t**2 - 3*t. Determine f(-2).
10
Let f(t) = 8*t**3 - 1. Suppose 4*l = 2*z - 6*z + 12, -2*l - 14 = -3*z. Let q be -1*4 - (l - 4). Determine f(q).
7
Let v(h) = -6*h + 30. Let g be 9/(45/(-10)) - (-15 - -8). Determine v(g).
0
Suppose -2*b = 2*p + 2, 3*b - 2*p + 3*p + 11 = 0. Let v = 0 + b. Let i(h) = -h**3 - 5*h**2 - 7. Give i(v).
-7
Let w(h) = h**2 + 5*h - 6 - 1 - 4. Determine w(-8).
13
Let l(b) = -3*b**2 + 7*b - 13. Let x be l(4). Let p be (-18)/4*(-22)/x. Let f(j) = j + 6. Give f(p).
3
Let b be (2 + -2)/(-2 - -3). Let a(w) = -87*w**2 - 4*w - 12. Let g(r) = -152*r**2 - 7*r - 23. Let t(v) = 7*a(v) - 4*g(v). Give t(b).
8
Let v be (-1)/(-5) + (-28)/(-10). Suppose v*t = -h - 10, -4*t - 12 = 3*h - 2. Let p(z) = 4 - z**3 - 3*z - 6*z**2 + 13*z**h - 4*z. Calculate p(6).
-2
Let r(m) = m**3 + 4*m**2 + 3*m + 5. Suppose 6 = -3*a + 2*d + 58, 3*d - 32 = -a. Suppose 15*q - a*q - 20 = 0. Determine r(q).
-7
Let x(o) = 4*o**2 - 2*o + 1. Let p be 105/35 - (2/1)/1. What is x(p)?
3
Let x(s) be the third derivative of s**5/30 - s**4/6 + s**3/3 + s**2 - 37. Calculate x(2).
2
Let k(b) be the first derivative of 6 - b - 1/4*b**4 - 7/3*b**3 - 11/2*b**2. Let n be k(-5). Let l(r) = -3*r + 5. What is l(n)?
-7
Suppose -18 = -5*c + 7. Let r(d) = d**3 + d**2 - d - 1. Let f(s) = -s**3 - 2*s**2 + 1. Let z(n) = c*r(n) + 6*f(n). Give z(-6).
-5
Let q = -127 + 130. Let l(w) = w + 6 + 3 - q*w**2 - 10 - 1. Give l(-2).
-16
Let a = -32 - -30. Let x be 126/(-24) - a/8. Let q(h) = 2*h + 1. Give q(x).
-9
Let v(k) be the first derivative of -k**4/4 - 2*k**3/3 + 2*k**2 + 6*k + 173. Give v(-3).
3
Suppose -3*g + 6 = -0*g. Let v(z) = -2*z - 9. Let a(u) = u - 5*u - 29 + 10 + 0*u. Let l(n) = g*a(n) - 5*v(n). Determine l(-5).
-3
Let w(t) = t**2 + 5*t + 3. Let f(u) = -u + 14. Let j be f(12). Suppose 4*m + 5*k + 0*k - 74 = 0, -j*m + 46 = -2*k. Suppose 0 = -0*y - 7*y - m. What is w(y)?
-3
Let u(s) be the third derivative of s**5/60 + 7*s**4/24 - 2*s**2 - 83*s. Determine u(-7).
0
Let u be (-7)/(-14) - 30/(-4). Suppose 4*w - u*w = 24. Let g(j) = -10 + 0*j**2 + 3*j + j**2 + 2. Determine g(w).
10
Let c(s) = 8*s**2 - 2*s - 3*s**2 + 2 + 3*s**2 - 7*s**2. Determine c(3).
5
Let w = -46 + 48. Let s(y) = -9 + 16 - 6 - w*y - y**2. Calculate s(-3).
-2
Let w(q) = 5*q + 11. Let v(o) = -14*o. Let j be v(-1). Let y = -5 + j. Let z(s) = -11*s - 23. Let l(a) = y*w(a) + 4*z(a). Give l(-5).
2
Let t(y) be the third derivative of 0*y - 1/120*y**6 + 1/15*y**5 + 0 - 1/6*y**3 - 20*y**2 + 5/24*y**4. Give t(5).
-1
Let p(h) be the first derivative of -h**4/4 - 8*h**3/3 - 3*h**2 + 8*h + 15. Let i be -6*2/2 + -1. Give p(i).
1
Suppose 5*u - 28*u = 0. Let k(t) = 2*t + 8. Calculate k(u).
8
Let s(k) be the second derivative of k**4/24 + 11*k**3/6 + 2*k**2 + 27*k. Let u(w) be the first derivative of s(w). Calculate u(-13).
-2
Let a = -126 - -133. Suppose c - 6 = -a. Let f(d) = -2*d. What is f(c)?
2
Suppose 4*o + h - 4 = 0, -o + 5*h + 18 = -2*o. Let y(x) = 3*x**2. Calculate y(o).
12
Let k(o) = 21*o**3 + 3*o**2 - 5*o - 3. Let v(m) = 10*m**3 + m**2 - 2*m - 1. Let g(t) = 2*k(t) - 5*v(t). Give g(1).
-8
Let a be ((-10)/(-50))/((-9)/(-15)). Let q(s) be the first derivative of -a*s**3 + 8 + 5/2*s**2 - s. Calculate q(5).
-1
Let h(v) = -3*v + 6*v - 4*v + 2. Suppose z + 4*r + 3 = 0, -3*r - 15 = 5*z + r. Let p be (z + 4)*-5*(-4)/4. Calculate h(p).
-3
Let q = -14485 + 14480. Let h(m) = -5 - 4*m**2 - 2*m + 7*m**2 + m**3 + 2*m**2. Give h(q).
5
Let u(o) = 159*o**3 + 3 - 168*o**3 - 4. Determine u(-1).
8
Let d be (-22)/(-4) - 5/10. Suppose -o - o = -z + d, 4*z = o + 20. Let m(j) = j**2 - 6*j - 2. Calculate m(z).
-7
Let i(o) = -o + 11. Let x be i(7). Suppose -2*b = 2*b - x. Let v(m) = 15*m**3 - 5 - 3*m**2 + b + 3*m + 